 divided by 574058.
32
What is the remainder when 28624572 is divided by 454358?
18
Calculate the remainder when 3708353 is divided by 23.
17
What is the remainder when 21974212 is divided by 149?
139
What is the remainder when 623976995 is divided by 79?
77
Calculate the remainder when 4553104 is divided by 1926.
40
What is the remainder when 8242665 is divided by 27?
24
Calculate the remainder when 519360 is divided by 10820.
0
Calculate the remainder when 63321285 is divided by 1928.
1909
What is the remainder when 4749334 is divided by 19?
18
What is the remainder when 16074 is divided by 5285?
219
What is the remainder when 134672 is divided by 4966?
590
What is the remainder when 253142 is divided by 252702?
440
Calculate the remainder when 1007671 is divided by 335824.
199
What is the remainder when 129212 is divided by 2637?
2636
Calculate the remainder when 48034 is divided by 8004.
10
Calculate the remainder when 16898834 is divided by 15.
14
What is the remainder when 216279 is divided by 992?
23
What is the remainder when 1260483 is divided by 624?
3
Calculate the remainder when 22549938 is divided by 137.
12
Calculate the remainder when 11790238 is divided by 1694.
1692
Calculate the remainder when 690732 is divided by 62783.
119
What is the remainder when 2407897 is divided by 21?
16
What is the remainder when 2761104 is divided by 1380162?
780
What is the remainder when 48659 is divided by 354?
161
Calculate the remainder when 99040 is divided by 3054.
1312
What is the remainder when 12669692 is divided by 648?
644
Calculate the remainder when 85648 is divided by 84868.
780
Calculate the remainder when 715983 is divided by 7962.
7365
Calculate the remainder when 1321510406 is divided by 33.
29
What is the remainder when 22796138 is divided by 28248?
2
What is the remainder when 28658 is divided by 452?
182
What is the remainder when 1028785 is divided by 3754?
189
Calculate the remainder when 5347 is divided by 53.
47
Calculate the remainder when 959403 is divided by 975.
3
Calculate the remainder when 3655386 is divided by 262.
224
What is the remainder when 210992 is divided by 16177?
691
Calculate the remainder when 370190 is divided by 5352.
902
Calculate the remainder when 64764 is divided by 15323.
3472
What is the remainder when 186831 is divided by 92936?
959
What is the remainder when 398649 is divided by 99650?
49
Calculate the remainder when 19806 is divided by 204.
18
Calculate the remainder when 173751 is divided by 21383.
2687
Calculate the remainder when 3094869 is divided by 225.
219
What is the remainder when 3020029 is divided by 11144?
5
What is the remainder when 1415199 is divided by 52414?
21
Calculate the remainder when 698312 is divided by 1027.
979
Calculate the remainder when 11328419 is divided by 13.
11
Calculate the remainder when 64807 is divided by 32360.
87
Calculate the remainder when 116896337 is divided by 30.
17
What is the remainder when 76939 is divided by 25535?
334
Calculate the remainder when 18965 is divided by 1704.
221
Calculate the remainder when 1486282 is divided by 2955.
2872
Calculate the remainder when 14235813 is divided by 20.
13
What is the remainder when 6493702 is divided by 25072?
54
What is the remainder when 277291 is divided by 138449?
393
What is the remainder when 340467 is divided by 221?
127
What is the remainder when 11827902 is divided by 3535?
3327
Calculate the remainder when 14510423 is divided by 14.
11
Calculate the remainder when 517047 is divided by 2060.
2047
Calculate the remainder when 39337748 is divided by 4143.
4106
Calculate the remainder when 670342 is divided by 801.
706
What is the remainder when 52049 is divided by 50052?
1997
What is the remainder when 18557 is divided by 4256?
1533
What is the remainder when 8451576 is divided by 4225776?
24
What is the remainder when 85376565 is divided by 73?
72
What is the remainder when 46323 is divided by 1100?
123
Calculate the remainder when 2719 is divided by 59.
5
What is the remainder when 3661826 is divided by 192727?
13
What is the remainder when 5949126 is divided by 17919?
18
Calculate the remainder when 2712550103 is divided by 99.
98
Calculate the remainder when 218515 is divided by 5081.
32
What is the remainder when 2998345 is divided by 274?
237
Calculate the remainder when 6487579 is divided by 10347.
10
What is the remainder when 41977 is divided by 477?
1
What is the remainder when 321808 is divided by 832?
656
What is the remainder when 8105124 is divided by 5072?
68
Calculate the remainder when 154206080 is divided by 82.
78
Calculate the remainder when 9886164 is divided by 2471535.
24
What is the remainder when 2629657 is divided by 202281?
4
What is the remainder when 578055 is divided by 67?
46
What is the remainder when 12771779 is divided by 34058?
29
Calculate the remainder when 301629 is divided by 976.
45
Calculate the remainder when 557408 is divided by 129.
128
What is the remainder when 174358 is divided by 1819?
1553
Calculate the remainder when 1986133 is divided by 496516.
69
Calculate the remainder when 46450 is divided by 9286.
20
What is the remainder when 16183 is divided by 16056?
127
Calculate the remainder when 1532193 is divided by 382833.
861
Calculate the remainder when 4483324 is divided by 412.
352
What is the remainder when 174456 is divided by 14738?
12338
What is the remainder when 93818 is divided by 474?
440
Calculate the remainder when 441400 is divided by 255.
250
What is the remainder when 9780442 is divided by 36?
34
What is the remainder when 64254615 is divided by 8?
7
What is the remainder when 39850 is divided by 718?
360
What is the remainder when 455222 is divided by 490?
12
Calculate the remainder when 16884265 is divided by 2411.
32
What is the remainder when 1326102 is divided by 2585?
2582
What is the remainder when 6342070 is divided by 66?
64
What is the remainder when 16572425 is divided by 939?
14
What is the remainder when 5137 is divided by 3698?
1439
What is the remainder when 3347654 is divided by 3347636?
18
Calculate the remainder when 55166 is divided by 2320.
1806
Calculate the remainder when 14769512 is divided by 4923157.
41
Calculate the remainder when 1595777 is divided by 729.
725
Calculate the remainder when 3053849 is divided by 3851.
6
What is the remainder when 155677 is divided by 155661?
16
What is the remainder when 128463 is divided by 3294?
3291
What is the remainder when 7137314 is divided by 218?
212
Calculate the remainder when 3267755 is divided by 96.
11
Calculate the remainder when 2376275 is divided by 791418.
2021
What is the remainder when 4290691 is divided by 1970?
31
What is the remainder when 2675606 is divided by 1918?
1914
What is the remainder when 23189 is divided by 7386?
1031
Calculate the remainder when 5560911 is divided by 604.
487
Calculate the remainder when 1302027 is divided by 1720.
1707
What is the remainder when 4517 is divided by 1887?
743
What is the remainder when 5407453 is divided by 56?
37
What is the remainder when 2649065 is divided by 8304?
89
Calculate the remainder when 151625 is divided by 487.
168
Calculate the remainder when 143262869 is divided by 5.
4
Calculate the remainder when 921432 is divided by 584.
464
Calculate the remainder when 98085 is divided by 87.
36
Calculate the remainder when 4927967 is divided by 2463558.
851
Calculate the remainder when 12782 is divided by 4068.
578
What is the remainder when 79934718 is divided by 12?
6
Calculate the remainder when 10490463 is divided by 26.
9
Calculate the remainder when 2278270 is divided by 102.
100
Calculate the remainder when 1463229 is divided by 16258.
9
What is the remainder when 313546 is divided by 401?
365
What is the remainder when 98773749 is divided by 43?
40
Calculate the remainder when 368645 is divided by 2559.
149
Calculate the remainder when 357522 is divided by 3761.
227
Calculate the remainder when 12550394 is divided by 5573.
5571
Calculate the remainder when 18055 is divided by 15155.
2900
What is the remainder when 17426 is divided by 4304?
210
Calculate the remainder when 27105674 is divided by 26.
24
What is the remainder when 19317 is divided by 9597?
123
Calculate the remainder when 86261